thousands digit of 764366?
6
What is the ten thousands digit of 202226?
0
What is the units digit of 5779830?
0
What is the thousands digit of 184676?
4
What is the ten millions digit of 24733421?
2
What is the hundreds digit of 110521?
5
What is the thousands digit of 4504518?
4
What is the thousands digit of 503779?
3
What is the ten thousands digit of 75468?
7
What is the units digit of 334642?
2
What is the hundred thousands digit of 223883?
2
What is the units digit of 5986542?
2
What is the tens digit of 230609?
0
What is the hundreds digit of 1908526?
5
What is the hundred thousands digit of 15391499?
3
What is the tens digit of 314721?
2
What is the hundreds digit of 2477876?
8
What is the thousands digit of 792661?
2
What is the thousands digit of 551354?
1
What is the units digit of 218301?
1
What is the ten thousands digit of 4119200?
1
What is the tens digit of 98230?
3
What is the hundreds digit of 5691295?
2
What is the units digit of 13890?
0
What is the hundred thousands digit of 1462470?
4
What is the tens digit of 46081?
8
What is the hundred thousands digit of 965291?
9
What is the thousands digit of 432540?
2
What is the hundred thousands digit of 259434?
2
What is the units digit of 610639?
9
What is the tens digit of 773679?
7
What is the units digit of 7387065?
5
What is the units digit of 12228955?
5
What is the hundred thousands digit of 5063024?
0
What is the millions digit of 3997251?
3
What is the hundred thousands digit of 7411088?
4
What is the thousands digit of 3723994?
3
What is the millions digit of 1914607?
1
What is the tens digit of 1648641?
4
What is the hundred thousands digit of 9283978?
2
What is the hundreds digit of 368455?
4
What is the hundreds digit of 275639?
6
What is the hundred thousands digit of 2918248?
9
What is the hundred thousands digit of 2115569?
1
What is the millions digit of 5327102?
5
What is the units digit of 3639991?
1
What is the ten thousands digit of 1210382?
1
What is the ten thousands digit of 1046464?
4
What is the ten millions digit of 15055767?
1
What is the units digit of 121029?
9
What is the units digit of 2479515?
5
What is the units digit of 419872?
2
What is the hundred thousands digit of 124882?
1
What is the units digit of 3731107?
7
What is the millions digit of 1739159?
1
What is the hundred thousands digit of 388280?
3
What is the tens digit of 3302177?
7
What is the hundred thousands digit of 2051898?
0
What is the hundred thousands digit of 5202655?
2
What is the thousands digit of 388113?
8
What is the tens digit of 160361?
6
What is the thousands digit of 68524?
8
What is the thousands digit of 118846?
8
What is the millions digit of 5951310?
5
What is the units digit of 12050466?
6
What is the hundreds digit of 15688340?
3
What is the hundred thousands digit of 33959591?
9
What is the ten thousands digit of 848068?
4
What is the units digit of 5680?
0
What is the hundred thousands digit of 2280582?
2
What is the tens digit of 367563?
6
What is the hundred thousands digit of 4825987?
8
What is the units digit of 666738?
8
What is the ten millions digit of 10383478?
1
What is the millions digit of 8614107?
8
What is the tens digit of 289686?
8
What is the ten thousands digit of 1107818?
0
What is the ten thousands digit of 1622312?
2
What is the hundred thousands digit of 22275632?
2
What is the thousands digit of 28757?
8
What is the units digit of 207138?
8
What is the hundred thousands digit of 174423?
1
What is the hundred thousands digit of 2335777?
3
What is the thousands digit of 12543831?
3
What is the hundreds digit of 159431?
4
What is the thousands digit of 2388014?
8
What is the tens digit of 15642473?
7
What is the thousands digit of 777621?
7
What is the thousands digit of 325978?
5
What is the millions digit of 3139762?
3
What is the units digit of 74005?
5
What is the thousands digit of 3556425?
6
What is the hundred thousands digit of 276537?
2
What is the ten thousands digit of 957596?
5
What is the thousands digit of 1591023?
1
What is the hundred thousands digit of 235845?
2
What is the hundreds digit of 198946?
9
What is the hundreds digit of 315663?
6
What is the units digit of 44109?
9
What is the tens digit of 179602?
0
What is the ten thousands digit of 123820?
2
What is the hundreds digit of 304255?
2
What is the millions digit of 1474490?
1
What is the units digit of 293594?
4
What is the ten thousands digit of 2593781?
9
What is the hundreds digit of 2455848?
8
What is the hundred thousands digit of 222511?
2
What is the hundreds digit of 815745?
7
What is the tens digit of 3587833?
3
What is the ten thousands digit of 88674?
8
What is the thousands digit of 109218?
9
What is the thousands digit of 330142?
0
What is the hundreds digit of 4766184?
1
What is the ten thousands digit of 2203292?
0
What is the millions digit of 5553575?
5
What is the hundreds digit of 11997?
9
What is the hundred thousands digit of 8863562?
8
What is the thousands digit of 84754?
4
What is the ten thousands digit of 398745?
9
What is the tens digit of 7218088?
8
What is the hundreds digit of 1080155?
1
What is the hundred thousands digit of 8090283?
0
What is the tens digit of 23986647?
4
What is the hundreds digit of 682525?
5
What is the ten thousands digit of 1194177?
9
What is the millions digit of 4035800?
4
What is the hundred thousands digit of 538042?
5
What is the hundreds digit of 30554?
5
What is the thousands digit of 508542?
8
What is the thousands digit of 50216?
0
What is the millions digit of 8954629?
8
What is the millions digit of 15054785?
5
What is the tens digit of 45335?
3
What is the thousands digit of 2286239?
6
What is the hundred thousands digit of 559803?
5
What is the hundred thousands digit of 2586716?
5
What is the units digit of 14297?
7
What is the hundred thousands digit of 4163462?
1
What is the units digit of 6858215?
5
What is the thousands digit of 829581?
9
What is the thousands digit of 2902010?
2
What is the hundred thousands digit of 224292?
2
What is the thousands digit of 279205?
9
What is the tens digit of 1561873?
7
What is the units digit of 112673?
3
What is the millions digit of 34263250?
4
What is the hundreds digit of 597725?
7
What is the tens digit of 4523851?
5
What is the tens digit of 1344197?
9
What is the hundreds digit of 386962?
9
What is the hundred thousands digit of 1569394?
5
What is the units digit of 719046?
6
What is the ten thousands digit of 6965861?
6
What is the thousands digit of 5933183?
3
What is the units digit of 5890567?
7
What is the thousands digit of 1133372?
3
What is the tens digit of 5009390?
9
What is the hundred thousands digit of 999359?
9
What is the units digit of 1814076?
6
What is the hundred thousands digit of 11060629?
0
What is the tens digit of 15292921?
2
What is the millions digit of 6592031?
6
What is the millions digit of 3102055?
3
What is the tens digit of 76864?
6
What is the ten thousands digit of 659689?
5
What is the units digit of 894520?
0
What is the ten thousands digit of 12991471?
9
What is the thousands digit of 282884?
2
What is the tens digit of 2072862?
6
What is the tens digit of 31730144?
4
What is the thousands digit of 614949?
4
What is the ten thousands digit of 1089896?
8
What is the hundred thousands digit of 3520160?
5
What is the tens digit of 939399?
9
What is the units digit of 3169596?
6
What is the tens digit of 538379?
7
What is the units digit of 32409?
9
What is the units digit of 17484?
4
What is the ten thousands digit of 175722?
7
What is the millions digit of 1846691?
1
What is the hundred thousands digit of 1044938?
0
What is the hundreds digit of 65235?
2
What is the thousands digit of 173389?
3
What is the hundreds digit of 6001887?
8
What is the thousands digit of 7190805?
0
What is the hundreds digit of 7297674?
6
What is the thousands digit of 17068661?
8
What is the hundreds digit of 4765866?
8
What is the thousands digit of 2660997?
0
What is the units digit of 2740814?
4
What is the thousands digit of 2680086?
0
What is the hundreds digit of 4108495?
4
What is the ten thousands digit of 3743223?
4
What is the units digit of 1371484?
4
What is the units digit of 116933?
3
What is the ten thousands digit of 115